{"id":74,"date":"2023-05-07T18:55:53","date_gmt":"2023-05-07T18:55:53","guid":{"rendered":"https:\/\/mivelektro.com\/?page_id=74"},"modified":"2023-09-08T09:00:12","modified_gmt":"2023-09-08T09:00:12","slug":"kontakt","status":"publish","type":"page","link":"https:\/\/mivelektro.com\/index.php\/kontakt\/","title":{"rendered":"Kontakt"},"content":{"rendered":"\n<p>za sve upite slobodno nas kontaktirajte: <\/p>\n\n\n\n<p><strong>E mail<\/strong>:  info@mivelektro.com<\/p>\n\n\n\n<p style=\"font-size:15px\"><strong>Telefon<\/strong>: 099 451 2093;  099 451 2092<\/p>\n\n\n\n<p><strong>Sjedi\u0161te<\/strong>:<\/p>\n\n\n\n<div class=\"wp-block-group is-vertical is-layout-flex wp-container-core-group-is-layout-1 wp-block-group-is-layout-flex\">\n<p style=\"font-size:16px\">Ulica bra\u0107e Krajanski 18<\/p>\n\n\n\n<p style=\"font-size:16px\">42000 Vara\u017edin<\/p>\n\n\n\n<p style=\"font-size:16px\">OIB: 78768475286<\/p>\n<\/div>\n\n\n\n<p><\/p>\n\n\n\n<p><strong>Radno vrijeme<\/strong>:<\/p>\n\n\n\n<div class=\"wp-block-columns is-layout-flex wp-container-core-columns-is-layout-1 wp-block-columns-is-layout-flex\">\n<div class=\"wp-block-column is-layout-flow wp-block-column-is-layout-flow\" style=\"flex-basis:100%\">\n<p style=\"font-size:15px\">Ponedjeljak &#8211; Petak : 08:00 &#8211; 16:00<\/p>\n<\/div>\n<\/div>\n","protected":false},"excerpt":{"rendered":"<p>za sve upite slobodno nas kontaktirajte: E mail: info@mivelektro.com Telefon: 099 451 2093; 099 451 2092 Sjedi\u0161te: Ulica bra\u0107e Krajanski 18 42000 Vara\u017edin OIB: 78768475286 Radno vrijeme: Ponedjeljak &#8211; Petak : 08:00 &#8211; 16:00<\/p>\n","protected":false},"author":1,"featured_media":0,"parent":0,"menu_order":0,"comment_status":"closed","ping_status":"closed","template":"","meta":{"footnotes":""},"_links":{"self":[{"href":"https:\/\/mivelektro.com\/index.php\/wp-json\/wp\/v2\/pages\/74"}],"collection":[{"href":"https:\/\/mivelektro.com\/index.php\/wp-json\/wp\/v2\/pages"}],"about":[{"href":"https:\/\/mivelektro.com\/index.php\/wp-json\/wp\/v2\/types\/page"}],"author":[{"embeddable":true,"href":"https:\/\/mivelektro.com\/index.php\/wp-json\/wp\/v2\/users\/1"}],"replies":[{"embeddable":true,"href":"https:\/\/mivelektro.com\/index.php\/wp-json\/wp\/v2\/comments?post=74"}],"version-history":[{"count":6,"href":"https:\/\/mivelektro.com\/index.php\/wp-json\/wp\/v2\/pages\/74\/revisions"}],"predecessor-version":[{"id":176,"href":"https:\/\/mivelektro.com\/index.php\/wp-json\/wp\/v2\/pages\/74\/revisions\/176"}],"wp:attachment":[{"href":"https:\/\/mivelektro.com\/index.php\/wp-json\/wp\/v2\/media?parent=74"}],"curies":[{"name":"wp","href":"https:\/\/api.w.org\/{rel}","templated":true}]}}